Suppose y - 95 = -x*l, 3*l + 0*y = 4*y + 57. Is l a composite number?
False
Suppose 2*b - 6*b + 1299 = 3*l, -3*b - 2136 = -5*l. Let n = l - -932. Is n a prime number?
True
Let s(f) = f**3 + 4*f**2 + 4*f. Let r be s(-3). Let g be (-1 - -1)/((-9)/r). Suppose 3*p + 0*p = -4*n + 682, 3*n + 5*p - 517 = g. Is n prime?
False
Let g = 2726 - 1245. Is g a prime number?
True
Let k be 4/16*18*-2. Let l(q) = -37*q + 8. Is l(k) a prime number?
False
Suppose -110 = 4*z - 9*z - v, 6 = z - 3*v. Suppose 3 = 4*a - z. Suppose 1162 = -a*d + 8*d. Is d a composite number?
True
Let y = -16 - -48. Let w = y - 450. Let b = 1 - w. Is b composite?
False
Let p(c) = 37*c**2 + 142. Is p(9) composite?
True
Is ((-1)/(-9)*-3)/(6/(-31986)) a composite number?
False
Let l be (-12764)/9 + 10/45. Let n = l - -2167. Is n composite?
True
Suppose 4*n - 632 = -2*z, -7*z = -3*z + 8. Let w = n + -108. Is w composite?
True
Let m be 2/(-3 + 2) + 153. Suppose 2*b + 671 = 5*o - 39, 5*b = 0. Suppose -m = -r + o. Is r prime?
True
Let u = -4 - -917. Is u prime?
False
Let j = -2084 + 4587. Is j a prime number?
True
Let j(r) = 48*r**2 + 18*r + 35. Is j(-12) composite?
True
Let r(m) = -12*m**3 + 3*m**2 - 14*m - 13. Is r(-6) a composite number?
True
Let i(y) = 13*y**2 + 6*y - 2. Is i(-5) a prime number?
True
Let z be ((-24)/10)/((-6)/220). Let s = 342 - z. Let f = 165 + s. Is f a composite number?
False
Let g(v) = -4*v**2 + 5*v + 2. Let s be g(-4). Let j = s + 293. Is j a composite number?
False
Let r = -16 + 13. Let j be 2/r*54/12. Is j/(-18) + 393/18 a prime number?
False
Let z = -8 + 383. Let d = z - 249. Suppose 3*s + 33 = d. Is s prime?
True
Let f(p) = -14*p**3 - 7*p**2 + 13*p + 17. Is f(-7) a prime number?
False
Suppose -185 = 4*v + 79. Suppose i = 203 - 10. Let y = i + v. Is y prime?
True
Suppose -4*s + 4 - 12 = 0. Let v be s/((-24)/15 - -2). Let o(j) = j**3 + 6*j**2 - 3*j + 6. Is o(v) prime?
False
Let v(u) = -u**3 + 10*u**2 - 8*u - 12. Let t be v(9). Let z = 10 - t. Is z a prime number?
True
Let q(b) = 59*b**2 + 8. Suppose s - 8 = -15. Is q(s) a composite number?
True
Suppose -3*l - 2*l + 10238 = -3*s, -2*s = -l + 2049. Is l composite?
True
Let k be (-2)/(-2)*-3 - -657. Let l = 961 - k. Is l composite?
False
Suppose 2*c + 0*p + 2*p - 4490 = 0, -c - 5*p = -2241. Let a = c + -1261. Suppose 4*w - 1663 = -5*u, 0*u - 3*u = -4*w - a. Is u a prime number?
True
Is (-2 + 3)/((-7)/(-14231)) composite?
True
Let d(p) = -23*p**2 - 4*p - 5. Let k be d(12). Let x = 3440 - k. Is x a prime number?
False
Let s = -1154 - -2621. Let d be ((-4)/2)/((-2)/4). Suppose 13*m = d*m + s. Is m composite?
False
Let b(a) = 30*a - 7. Let s be 1/(-5) - 184/(-20). Is b(s) composite?
False
Let c(f) = -f**3 + 8*f**2 - 4*f. Let g be c(5). Suppose -23 = -2*i + g. Is i a prime number?
False
Suppose -4*h = 4*f + 2536, -4*h - 3*f + f - 2526 = 0. Let b = -164 - -1358. Let v = h + b. Is v a composite number?
True
Suppose 11*n = 9*n - 112. Let h be ((-5)/(-2))/((-1)/n). Let l = -71 + h. Is l prime?
False
Let t be (-3)/18*-9*-2. Let s(c) = 2*c**2 + 4*c - 1. Let a be s(t). Suppose 4*u + 8 = 0, -a*v - 271 + 3808 = -u. Is v prime?
False
Suppose -3*c + 10 = -c, 0 = -2*r - 3*c - 3. Is 2756/2 + r/(-3) prime?
True
Suppose -4*c + 0*c + 617 = -5*q, 2*q = 4*c - 626. Let i = c - -79. Is i composite?
True
Let i(o) = -3744*o - 241. Is i(-5) prime?
False
Suppose -r + 0*r + 2 = 0. Suppose -r*u + 648 = 226. Is u a prime number?
True
Suppose -3*d - 51 = 1233. Let r = 153 - d. Is r prime?
False
Let j(c) = 1008*c**3 + 5*c**2 - 4*c - 10. Is j(3) a prime number?
True
Suppose -24203 = -15*j + 60832. Is j composite?
False
Let n(b) = 3*b**2 - 7*b - 8. Let d be n(4). Is (-53732)/(-16) - d/(-16) composite?
False
Let y be (1/2)/(5/(-440)). Is (-11)/y - (-3411)/4 prime?
True
Let o = -19535 - -33154. Is o composite?
False
Suppose 116*k - 3*r + 86908 = 120*k, -k = 4*r - 21727. Is k prime?
True
Let t(u) = u**2 - 7*u + 2. Let q be t(7). Let g(w) = -w**3 + 3*w**2 - 2. Let x be g(q). Suppose x*y - y = 113. Is y a prime number?
True
Let d(s) = 3*s - 14. Let t = 0 + 16. Is d(t) a composite number?
True
Is (-1)/(-4) - (-1 + 76719/(-4)) a prime number?
True
Let b be (-2)/(-8) - 1571/(-4). Suppose b - 1067 = -2*h. Is h a composite number?
False
Suppose -5*s + 5 = -5. Is (677/s)/((-2)/(-4) + 0) a composite number?
False
Let s(n) = 4*n**2 + 7*n + 6. Let l = -37 - -57. Suppose -22 = 4*v - 2*y, v - 5*y + l = -2*v. Is s(v) prime?
True
Suppose 0 = -3*s + 578 + 73. Let n = -126 + s. Is n a composite number?
True
Suppose 0 = 42*j - 54*j + 81348. Is j composite?
False
Let q = 3448 + -6558. Let x = 4361 + q. Suppose 5*g = y + x, -6*y + 2*y + 1020 = 4*g. Is g composite?
False
Let i = -4247 - -8358. Is i a composite number?
False
Suppose 2*b = -5*u - 0*b + 15489, 3*u - 9289 = b. Suppose -5*q + 0*q = -3*v + u, -2*v + 3*q = -2066. Is v a composite number?
False
Let d = -280 - -1078. Suppose -21*t = -27*t + d. Is t prime?
False
Let a(b) be the second derivative of 13*b**4/12 - 11*b**3/6 - 19*b**2/2 - 13*b. Is a(-8) a composite number?
True
Let o be ((-102)/119)/((-2)/224). Suppose -20 = 4*f, -5*f = -2*x + 59 + o. Is x composite?
True
Let b = -6 - -7. Let a(g) = 63*g**3 - g**2 - g + 1. Is a(b) composite?
True
Suppose 19*x - 633 + 139 = 0. Is x a prime number?
False
Let v(o) = o**3 - 3*o**2 - 6*o + 5. Let t be v(6). Let h = t + 18. Is h a composite number?
True
Suppose -5*s = 20, -2*s = -5*m + 6*m - 749. Is m a prime number?
True
Let k be 4/6*3 - -1. Suppose -5*m + 4*j + 23 = 0, -4*j + 7 = 3*m - k*j. Is (92/2)/(2/m) composite?
True
Suppose 5*u + 4*a = 38527 + 3760, 5*u - 4*a - 42303 = 0. Is u prime?
False
Suppose -5*s - 3*o = -820, 0 = s - 2*o - 28 - 123. Is s a prime number?
False
Is 10/(-4) + (-14169)/(-6) a composite number?
True
Let h = -5203 + 7446. Is h prime?
True
Let w(k) = -4*k**2 - 5*k - 4. Let q be w(-14). Is (-4)/16*(2 + q) a prime number?
True
Let l = -38 + -41. Let x = l + 336. Is x prime?
True
Suppose -4*q + 3 = 5*t, -2*q = -5*t - 4*q + 9. Suppose 2*p = -t*m + p - 9, 14 = -m - 4*p. Is ((-109)/m)/((-1)/(-2)) a prime number?
True
Suppose -4*h - 5*b = -7*h + 65147, 0 = -4*h - b + 86832. Is h prime?
False
Let g = 15 - 22. Let x be (g + 9)/((-2)/(-5)). Suppose 3*u - h - 173 = 0, x*u + 5*h - 107 = 168. Is u a composite number?
True
Suppose -4*i - 55 = 57. Let a = 32 + i. Suppose 10 = a*n - 586. Is n a prime number?
True
Let y be 4 + (5 - (-4)/(-1)) + -5. Suppose 3*b - 6*q + 3*q - 3630 = y, -5*q = -15. Is b a composite number?
False
Suppose -2*r - 3*r + z = 435, -2*z = -3*r - 268. Let x = -68 + r. Is 6 - x - (-6)/(-2) prime?
True
Let d(i) = 78*i**2 - 64*i - 265. Is d(-33) a prime number?
False
Suppose 3*k + 5632 - 1045 = 0. Let a = -915 - k. Is a a composite number?
True
Let j = 5 - -57. Suppose b + 24 - j = 0. Let d = 33 + b. Is d a composite number?
False
Suppose 4*k - 3*m - 5946 - 896 = 0, 4*k + 3*m - 6854 = 0. Suppose -c = 3*w - k, -3*c + 568 = w - 0*c. Is w a prime number?
True
Suppose 0 = -3*q + 5*h - 2, 4*h - 4 - 3 = -3*q. Let z be q*-1 + 18 + -14. Suppose -u - 118 = -z*u. Is u a prime number?
True
Let n = 10003 + -1612. Is n composite?
True
Is 39386 - ((-18)/(-3) - 5) a prime number?
False
Suppose 0 = -6*s - 1049 + 7991. Let q = s - 306. Is q a composite number?
True
Suppose -3*j = 2*g - 3*g + 34, 0 = -3*j + 4*g - 28. Suppose 4*b = -2*x + 6*b - 78, -3*b - 235 = 5*x. Is (2 - -55)*x/j a prime number?
False
Let z(y) = 698*y - 410. Is z(6) composite?
True
Let u = 1201 + -348. Let o = u - 546. Is o composite?
False
Suppose 0 = -6*m - 116 + 140. Suppose 2696 = m*i - 11052. Is i composite?
True
Let t be (0 - 0)*(-3)/6. Suppose t*k - 2*k + 4 = 0. Suppose 1126 = k*o - 456. Is o a composite number?
True
Suppose 448 = -5*h + 9*h. Suppose -5*u - h = 88. Let d = u + 98. Is d composite?
True
Let a = -8 - -13. Let f = 1 + a. Suppose 8*m - f*m - 182 = 0. Is m prime?
False
Suppose 1378 = c - 1213. Is c a prime number?
True
Let g = -3709 - -8130. Is g composite?
False
Suppose 167549 = 3*v + 2*t, 4*v + 6*t - 5*t - 223397 = 0. Is v composite?
False
Let a be (-1)/9 + 330/54. Is a + 1277 - (-2 - 0) a composite number?
True
Suppose -n + 3616 + 514 = -3*d, 0 = 5*n + d - 20634. Is n prime?
True
Let p(f) = 382*f**2 + 7*f + 72. Is p(-5) a prime number?
True
Let i(m) = 6*m**2 + 9*m - 2. Is i(-9)